et a(u) be the second derivative of -u**7/630 - u**6/360 + u**5/120 + 29*u**4/12 + 2*u + 8. Let b(o) be the third derivative of a(o). Determine b(-2).
-11
Let l(o) be the first derivative of -o**4/4 + 2*o**3 - 3*o + 2. Let m be (-10)/6 + ((-3772)/574)/((-12)/14). Calculate l(m).
-3
Let r(u) = 0 + 0 + u - u**2. Let n(t) be the second derivative of t**4/12 + t**3/2 - t**2 + 54*t. Let c be n(-3). Calculate r(c).
-6
Let n(j) = -j**2 + 7*j - 7. Let d(s) = s**3 + 4*s**2 + s - 3. Let l be d(-2). Let f be ((18/8)/l)/((-22)/(-176)). Determine n(f).
-1
Let p(k) = 56*k**2 + 2*k + 1. Let f = 1959 + -1960. What is p(f)?
55
Let g be (-722)/190 - 2/10. Let t = g + 4. Let f(i) = i - 8. What is f(t)?
-8
Let y(a) = a**2 + 75*a + 596. Let n be y(-66). Let h(w) = -4 - 3*w + 1 + 5*w. Calculate h(n).
1
Let g(i) be the second derivative of -5*i**3/3 - 8*i**2 - 4*i - 3. Determine g(-3).
14
Let q(n) = -n**2 - 2*n - 5. Let z = 286 + -520. Let x = z + 230. Determine q(x).
-13
Let r(l) be the second derivative of 0 - 135*l + 1/6*l**4 + 2*l**3 + 5/2*l**2. Calculate r(-5).
-5
Let f(q) be the second derivative of q**5/20 - 3*q**4/4 + 3*q**3/2 - 3*q**2 + 5*q. Let u = -231 - -239. What is f(u)?
2
Let c(q) = -56 + 22*q**2 + 54*q**3 - 159*q**3 + 55*q**3 + 51*q**3 - 25*q. Determine c(-23).
-10
Suppose 0 = -2*i + 5*k + 5, 4*i + 4*k - 42 = i. Let j(y) = -11*y + 119. Give j(i).
9
Let d be (-6)/(4 + -28) - 563/(-4). Let u be 2/(-8) - d/12. Let l(k) be the second derivative of -k**4/12 - 11*k**3/6 + 13*k**2/2 - 3*k. Give l(u).
1
Let a(m) be the second derivative of -m**5/40 - m**4/8 - 11*m**3/2 + m**2 + 2*m - 1. Let x(d) be the second derivative of a(d). What is x(6)?
-21
Let v(d) = -193*d + 42. Let t(a) = -68*a + 15. Let h(s) = 17*t(s) - 6*v(s). Let l be 2/(-4) - (-5)/(-2). Determine h(l).
-3
Let l(x) = 53 - 117 + 47 + 2*x. Let z be l(6). Let i(m) = -m**3 - 5*m**2 - 5. Give i(z).
-5
Let n(y) = -y**2 - 11*y - 15. Let q be (-60)/21*((-3)/2)/(240/(-560)). Calculate n(q).
-5
Let f be 296/(-40) + 12 - 4/(-10). Let k(g) = 6*g**2 + g + 7. Let c(x) = -7*x**2 - 8. Let m(w) = f*c(w) + 6*k(w). Calculate m(-3).
-7
Let n(m) = m**3 - 6*m**2 + 10*m + 1. Let h be ((-24)/(-20))/((-36)/20 - -2) - 3. What is n(h)?
4
Let j be -1*(0 + 1) + 97 + -95. Suppose a = -4*v + 1, 3*a - j = -2*v + 2. Let z(g) = -g**3 + g**2 + 2. Calculate z(v).
2
Let n(c) = -2*c**2 + c - 1. Let q be 24 - (1 + (1 - 2))/1. Let v(t) = 4*t**2 - 96*t + 1. Let a be v(q). Give n(a).
-2
Let u(g) = g**2 - 7 + 2 + 2*g + 2*g. Suppose 3*i - 55 + 78 = 5*j, -4*i - 29 = -5*j. Give u(i).
7
Let s(a) = a**3 - 12*a**2 - 11*a - 20. Let z be s(13). Let y(k) = -33*k - k**2 + z + 25*k + 2*k. Determine y(-7).
-1
Suppose 218 = 4*k + 2*d, 3*d = k - 6*k + 273. Let q = 48 - k. Let j(t) = -2*t - 11. What is j(q)?
1
Let l(h) = 5*h**2 + h. Let y(v) be the third derivative of v**4/4 + 7*v**3 - 31*v**2. Let o be y(-6). Suppose -3*b + 6*b - j = 0, -o = 2*j. Determine l(b).
4
Let h(r) be the third derivative of -r**4/6 + r**3/6 + 2*r**2. Let t be (-676)/20 + (-48)/15 + 3. Let g = -37 - t. Determine h(g).
13
Let x(c) = -3*c + 22. Let w(a) = -1239*a - 4953. Let k be w(-4). What is x(k)?
13
Let i be ((-97)/(-485))/(2/(-10))*7. Let t(h) = 5*h + 32. Give t(i).
-3
Let s be (0 + 0/(-1))/(-1). Let x = 391 + -384. Let j(y) = 31*y**3 + y**2 + x - 19*y**3 - 11*y**3. Give j(s).
7
Let f(j) = -j**2 - 22*j - 80. Suppose 2*d + 14 = 3*p - 7*p, -8*d + 28 = -5*p. Give f(p).
-8
Let p be (1/6)/((187/198)/17) + 24. Let g(z) = -z**3 + 27*z**2 - z + 47. Calculate g(p).
20
Let h(o) be the first derivative of -1/4*o**4 - o + 34 + 3/2*o**2 + 2/3*o**3. Calculate h(4).
-21
Suppose 5*t - x = 2*t + 7872, 5*x + 2610 = t. Let c(d) = -1316*d + t*d - 12 - 1311*d. What is c(-5)?
-2
Let v(w) = -w**2 + 2. Let m be (3/(7 - 6))/((-3)/(-2)). Suppose m*l - 3 = 1. Suppose -s + 2*s = l*u - 5, 2*s = 2*u - 10. What is v(u)?
2
Let n = -3882 - -3861. Let s(i) = -i - 52. What is s(n)?
-31
Let t(n) = 4 - 2554*n + 1276*n + 8 + 1277*n. Determine t(1).
11
Let g(s) = 25*s**2 - s. Suppose -4*m - 2*z = -32, -4 = -2*z - 0. Let h(t) = -t + 6. Let k be h(m). Determine g(k).
26
Let a = -13 + 5. Let c(m) = -5*m + 54. Let r be c(12). Let q(o) = o**2 - 1. Let f(t) = 5*t**2 - 8*t - 16. Let k(x) = r*q(x) + f(x). What is k(a)?
-10
Let k(u) = -8*u**2 - 108*u + 62. Let n be k(-14). Let v(d) = 3*d**2 - 7*d + 6. Give v(n).
72
Let d(l) = 220*l**2 + l + 9. Let x(g) = 48*g**2 + 1. Let i(j) = d(j) - 5*x(j). Determine i(2).
-74
Let l(d) be the third derivative of d**6/120 + d**5/20 - 5*d**4/24 - 11*d**3/6 + 15*d**2 + d - 10. What is l(-2)?
3
Let d(z) = -5*z - 4. Suppose -5*g + x + 10 = 0, -3*g - 4*x = -6*g - 11. Calculate d(g).
-19
Let j(k) = -k**3 + 150*k**2 + 468*k - 1378. Let l be j(153). Let a(h) = -8*h**3 - 2*h**2 + 3. Let x(n) = -n**3 - 1. Let f(m) = a(m) + 2*x(m). Determine f(l).
9
Let c(h) be the second derivative of -1/12*h**4 + 1 - 2*h**2 + h**3 - 10*h. Give c(5).
1
Let g(l) = 6*l**2 - 7*l + 6. Let t(w) = 4*w**2 - 5*w + 4. Let p(h) = 5*g(h) - 7*t(h). Suppose -33*z - 15 = -28*z. What is p(z)?
20
Let w be -2*1 - (1 - 5). Suppose 0 = 4*y + 3*c - 9, -y - 4 = -w*c + 4*c. Let l(h) = -h**2 - 177*h + 2*h**2 + 171*h + 2. Determine l(y).
2
Let i(q) = 1 + 2 + 1028*q - 1026*q. Suppose -23 = v + 7. Let n be (-1)/(2/v*-3). What is i(n)?
-7
Let l = 23 + -21. Let g(x) be the third derivative of x**6/24 - x**4/8 + x**3/2 - 19*x**2. What is g(l)?
37
Suppose -11*z + 8 = -14. Suppose -4*g + 5*x + 26 = 0, -12*x = -11*x - z. Let n(k) = k**3 - 8*k**2 - 10*k + 4. What is n(g)?
-5
Let a(p) = -p**2 - 8*p + 4. Suppose 0 = -2*t + 3*m - 27, 0*t + 3*t + m = -13. Let j be (-7 - -5)*(-27)/t. What is a(j)?
-5
Let p(a) = 12*a - 17. Let d(i) = -5*i + 8. Suppose -33 = -3*h + f - 17, -h - 5*f + 32 = 0. Let g(o) = h*d(o) + 3*p(o). What is g(6)?
11
Let b(a) = a**3 + a + 1. Let u(y) = 14 - y**2 - 3*y - 8*y - y + 17. Let q be u(-14). Suppose 5*w = -2*r + 18, -4*r - q*w = -5*w + 12. Give b(r).
-1
Let b(x) = -60*x**2 + 112*x - 89. Let l(p) = -22*p**2 + 37*p - 31. Let n(s) = -3*b(s) + 8*l(s). What is n(10)?
19
Suppose 7*x = -17*x + 1320. Let g be x/6 - (-4)/(-24). Let v(w) = w**2 - 10*w + 10. Give v(g).
1
Let w(h) = 6*h**3 + 122*h**2 - 46*h + 41. Let i(l) = 3*l**3 + 62*l**2 - 24*l + 21. Let d(x) = 5*i(x) - 3*w(x). Calculate d(-19).
1
Suppose 15*x = 10*x + 45. Let w(h) = -h**3 + 5*h + 7*h**2 - 27*h**2 + 5*h**2 + x*h**2 - 10. What is w(-7)?
4
Let z(a) = a - 16. Let h(g) = -g**3 + 17*g**2 - g + 21. Let r be h(17). Suppose -72 = -r*y + 4*j, -10*y + 5*j = -11*y. Give z(y).
-1
Let i = -22 - -25. Let n(s) = -4*s - i - 4 + 6*s + 3. Determine n(3).
2
Let b(q) be the second derivative of 155*q**4/12 + q**3/3 + q**2/2 + 68*q + 32. Determine b(-1).
154
Let s(f) be the second derivative of f**5/20 - 5*f**4/6 - 3*f**3/2 - 15*f**2/2 - 10097*f. Let g = -29 - -40. Give s(g).
7
Let b(r) = 18*r - 58. Let j be b(3). Let s(o) = o. Let c(k) = -11*k - 7. Let i(n) = j*s(n) - c(n). Determine i(-5).
-28
Let x(q) be the second derivative of q**5/20 - q**4/3 - 2*q**3/3 - 5*q**2/2 + 1233*q. What is x(5)?
0
Let x(z) = 24*z + 142. Let c be ((-616)/364)/(-11) + 0 + (-80)/13. Calculate x(c).
-2
Suppose 7*s + 21 = x + 2*s, 2*s - 6 = -2*x. Suppose -24*j + 21*j - x = 0. Let b(m) = 3*m + 34*m**3 - 5*m**3 + 2*m**2 - 30*m**3 + 2 + 1. What is b(j)?
13
Suppose -16 = -2*u - 4*v, 2*u - 8*v + 9*v - 7 = 0. Let b(z) = 50*z**3 - 5 - 49*z**3 - 8*z**2 + 3*z + 4 + 2*z**u - 2. Give b(6).
15
Let w be 192/(-80)*5/(-4). Let c(s) = 10*s + 1. Determine c(w).
31
Let q(c) = c**2 + 25*c + 76. Let m be q(-23). Let n = 33 - m. Let u(y) = -2*y - 3 - n*y**3 + 2*y**3 - y**2 - 3*y**2 - y**2. What is u(-3)?
-15
Let o(h) = h**3 - 1399*h**2 + 8 - 8 + 33*h - 6 + 1385*h**2 + 17*h. Calculate o(7).
1
Let j(q) = -714*q + 12869. Let y be j(18). Let x(k) = 8 - 2*k + 7 + k. Give x(y).
-2
Let w be 20/(-20) - (-7 - -1). Let k(u) = -4*u - 14. Let h(o) = -3*o - 9. Let n(g) = w*k(g) - 7*h(g). Calculate n(7).
0
Let a be 2*(-4 - 30/(-4))*-1. Let c(f) = f**3 + 2*f + 2*f - 7*f**2 + 6 - 2*f**3. Determine c(a).
-22
Let s(y) = -y. Suppose 10*o = 665 + 4125. Let r = 479 - o. Determine s(r).
0
Let k(l) = l**3 + 13*l**2 + l + 15. Let j(v) = v**3 - 23*v**2 + 40*v + 29. Let p be j(21). Calculate k(p).
2
Let u(k) be the third derivative of -k**5/30 + k**4/24